et w(h) = h**3 - 24*h**2 + 66*h - 479. What is w(14)?
-1515
Let f(q) = -3*q**3 + 8*q**2 + 18*q + 152. Calculate f(7).
-359
Let h(o) = -2*o**3 + 25*o**2 + 243*o - 2889. Give h(14).
-75
Let g(n) = -2*n + 191. Give g(111).
-31
Let y(t) = 3*t**2 - 321*t + 4375. What is y(16)?
7
Let o(k) = k**3 - 11*k**2 - 12556*k + 162873. Give o(13).
-17
Let o(t) = t**3 - 50*t**2 - 3340*t - 9557. Determine o(-3).
-14
Let n(o) = -46342*o + 232173. Calculate n(5).
463
Let g(f) = 620*f - 1716. Give g(3).
144
Let d(p) = p**3 - 14*p**2 + 152*p - 1751. What is d(13)?
56
Let h(j) = j**3 - 85*j**2 + 82*j - 6664. Calculate h(85).
306
Let l(k) = -9525*k - 495293. What is l(-52)?
7
Let a(j) = -j**3 + 49*j**2 - 608*j + 577. What is a(22)?
269
Let w(m) = -2751*m - 104535. Determine w(-38).
3
Let o(a) = -4847*a - 82418. Determine o(-17).
-19
Let o(t) = -t**3 + 12*t**2 - 94*t + 438. Give o(5).
143
Let o(q) = q**3 + 361*q**2 + 2498*q + 255616. What is o(-356)?
8
Let z(v) = 2*v**3 + 35*v**2 + 383*v + 644. What is z(-2)?
2
Let l(w) = -3*w**3 - 199*w**2 + 2729*w - 7. Give l(-78).
71
Let i(a) = 97*a - 8508. Give i(88).
28
Let w(c) = -10*c**2 - 1388*c - 210. What is w(-139)?
-488
Let c(n) = 6*n**3 + 13*n**2 + 349*n + 690. Calculate c(-2).
-4
Let z(u) = u**3 + 54*u**2 + 16*u + 7098. Give z(-56).
-70
Let r(v) = 18*v**2 + 177*v - 896. Give r(-14).
154
Let x(n) = 334518*n + 2676076. Determine x(-8).
-68
Let m(o) = 10227*o + 30818. Give m(-3).
137
Let w(h) = 3*h**2 - 1584*h + 99654. What is w(455)?
9
Let u(d) = d**3 - 21*d**2 + 201*d - 1685. Determine u(15).
-20
Let t(g) = -159*g**2 + 326*g - 64. What is t(2)?
-48
Let u(b) = -3*b**3 - 245*b**2 - 157*b + 118. What is u(-81)?
-287
Let p(q) = -q**3 + 3*q**2 + 107*q - 1313. What is p(-13)?
0
Let q(a) = 296*a + 139087. Calculate q(-470).
-33
Let o(h) = 36125*h - 108336. What is o(3)?
39
Let t(o) = 10*o**3 + 727*o**2 - 215*o + 160. Determine t(-73).
-132
Let o(z) = 2*z**3 - 27*z**2 - 7658*z + 77290. Give o(10).
10
Let b(u) = u**2 - 990*u + 136131. Calculate b(165).
6
Let w(k) = 3223*k**2 + 9514*k - 463. Give w(-3).
2
Let f(w) = -w**3 + 746*w**2 + 486*w + 194972. Give f(747).
5
Let t(d) = -4*d**2 + 114*d - 571. What is t(19)?
151
Let v(x) = 60*x**2 - 2258*x + 4557. Give v(2).
281
Let d(j) = 1440*j + 22420. Determine d(-19).
-4940
Let z(n) = 49*n**2 - 7320*n + 2849. Calculate z(149).
18
Let g(f) = -27*f**3 + 51*f**2 + 38*f - 59. Give g(2).
5
Let j(b) = -78381*b + 4859622. Calculate j(62).
0
Let x(s) = 2*s**3 - 35*s**2 + 425*s - 5897. What is x(15)?
-647
Let t(u) = -u**2 + 78*u - 1573. Calculate t(30).
-133
Let w(p) = -3472*p + 621378. Give w(179).
-110
Let q(w) = -w**2 - 131*w - 4313. Determine q(-69).
-35
Let k(v) = 14*v**2 + 429*v + 2884. Give k(-10).
-6
Let y(p) = -14*p**2 + 18544*p + 82411. Calculate y(1329).
13
Let r(x) = -x**3 - 202*x**2 + 8291*x - 850. Give r(-237).
98
Let q(p) = -904*p + 32883. Calculate q(36).
339
Let k(p) = 89*p - 4869. Give k(48).
-597
Let s(g) = -3256*g - 12842. What is s(-5)?
3438
Let l(a) = 373*a - 4680. What is l(13)?
169
Let y(f) = 30*f**3 - 20*f**2 - 34*f + 31. Calculate y(5).
3111
Let o(l) = l**3 - 121*l**2 - 363*l + 456. Give o(124).
1572
Let t(y) = -379*y**3 + 11*y**2 - 22*y + 23. What is t(1)?
-367
Let x(h) = 6413*h - 37256. Give x(6).
1222
Let j(x) = -7929*x + 23797. Calculate j(3).
10
Let n(h) = -219889*h + 5277339. Calculate n(24).
3
Let z(c) = 364*c**2 - 8366*c - 147. What is z(23)?
-9
Let t(r) = 3*r**3 - 15*r**2 - 34*r + 247. Calculate t(5).
77
Let s(z) = -3806*z + 26694. What is s(7)?
52
Let i(r) = 1142*r - 2878. Give i(3).
548
Let m(s) = -3*s**2 + 2340*s + 40375. Determine m(-17).
-272
Let p(v) = 5*v**3 + 7*v**2 - 39*v - 19. Determine p(7).
1766
Let t(y) = 68*y**2 - 5516*y + 663. Give t(81).
15
Let f(k) = -150*k**2 - 2724*k - 432. Determine f(-18).
0
Let k(o) = 13*o + 2357. Give k(-158).
303
Let y(g) = 74401*g - 1190422. Give y(16).
-6
Let n(q) = -74*q**3 + 30*q**2 + 65*q + 14. Give n(-2).
596
Let c(s) = -1249*s - 328575. Determine c(-263).
-88
Let w(a) = 198*a + 5594. Determine w(-28).
50
Let y(a) = 5*a**3 - 8*a**2 - 545*a + 1599. Give y(3).
27
Let q(l) = -l**3 - 14*l**2 + 1773*l + 9087. Determine q(-5).
-3
Let y(f) = f**2 + 139*f + 1632. Determine y(-12).
108
Let r(w) = -471921*w + 471915. What is r(1)?
-6
Let o(i) = -2534*i - 73235. Give o(-29).
251
Let u(m) = m**3 - 44*m**2 - 66*m + 223. Calculate u(45).
-722
Let y(h) = 2*h**3 + 742*h**2 - 1519*h - 9878. What is y(-373)?
193
Let i(f) = 4*f**3 + 31*f**2 + 4*f + 420. Give i(-9).
-21
Let a(q) = 177*q**2 - 8831*q - 925. Calculate a(50).
25
Let k(q) = -330*q + 9187. Give k(27).
277
Let i(y) = y**2 + 104*y - 111534. Calculate i(286).
6
Let g(h) = h**2 + 714*h + 99582. Determine g(-524).
22
Let o(m) = -m**2 - 332*m + 10638. Calculate o(31).
-615
Let w(c) = 273*c + 9858. Give w(-29).
1941
Let c(p) = 830*p + 18107. What is c(-22)?
-153
Let y(d) = -d**3 + 156*d**2 + 641*d - 165. Give y(160).
-5
Let r(d) = -26*d**3 - 34*d + 68. Give r(2).
-208
Let z(w) = -68651*w + 343251. Determine z(5).
-4
Let d(x) = 2*x**2 + 3194*x - 19360. What is d(6)?
-124
Let m(x) = -x**3 - 127*x**2 + 46376*x + 2313. What is m(-288)?
9
Let p(s) = 26*s**3 + 82*s**2 + 130*s + 408. Determine p(-3).
54
Let t(g) = -2*g**3 - 9*g**2 + 128*g - 451. Give t(5).
-286
Let f(k) = 5*k**3 - 237*k**2 + 1131*k + 64. Give f(42).
-62
Let k(d) = -4257*d - 25583. Calculate k(-6).
-41
Let t(m) = 2096*m**2 - 46121*m + 202. Calculate t(22).
4
Let a(x) = -17*x**2 - 410*x + 126. Calculate a(-21).
1239
Let p(q) = -40*q**2 + 11830*q + 2969. Give p(296).
9
Let f(o) = -5*o**3 + 43*o**2 + 28*o - 70. What is f(9)?
20
Let z(g) = -5*g**2 - 3707*g - 37987. What is z(-731)?
25
Let k(f) = -f**2 + 2072*f - 829316. Determine k(542).
-56
Let b(m) = m**3 - 50*m**2 - 26259*m + 1667. Determine b(-139).
-1
Let x(c) = c**3 + 59*c**2 + 288*c + 25004. Give x(-61).
-6
Let s(n) = 28618*n + 286172. Calculate s(-10).
-8
Let t(g) = 11*g**3 + 166*g**2 - 308*g - 4861. Determine t(-15).
-16
Let f(j) = 3*j**2 - 838*j - 6749. Calculate f(-8).
147
Let w(k) = -49*k**2 - 11997*k + 26179. Determine w(-247).
-3
Let o(c) = -16*c**2 + 221*c - 581. Determine o(10).
29
Let z(h) = 5*h**2 - 929*h + 3536. Give z(182).
78
Let i(q) = -q**2 + 15509*q - 216932. Give i(14).
-2
Let d(q) = -q**2 + 1498*q - 212887. Determine d(159).
14
Let x(s) = 52*s**2 - 42325*s - 2430. Give x(814).
12
Let m(p) = 191*p - 5155. Calculate m(44).
3249
Let m(b) = 130*b + 991. What is m(-18)?
-1349
Let g(u) = 672577*u + 12. Give g(0).
12
Let l(a) = 14*a**2 + 120*a + 259. Give l(-4).
3
Let x(h) = h**2 + 42544*h - 12. Give x(0).
-12
Let c(l) = -l**3 + 24*l**2 - 225*l - 145. Calculate c(13).
-1211
Let a(j) = -16*j**2 - 84*j + 1017. Calculate a(-11).
5
Let g(a) = 10338*a + 4135204. Determine g(-400).
4
Let r(c) = -1067272*c - 1067278. What is r(-1)?
-6
Let s(z) = -3*z**3 + 1483*z**2 - 4913*z + 1482. What is s(491)?
9
Let w(f) = 1759378*f - 5278156. What is w(3)?
-22
Let f(i) = -2*i**3 - 359*i**2 - 508*i + 4703. What is f(-178)?
75
Let p(k) = 110*k**2 - 23392*k + 15268. Give p(212).
4
Let r(u) = -35261*u + 7369548. Give r(209).
-1
Let u(d) = d**3 - 74*d**2 + 83*d - 573. Give u(73).
157
Let w(v) = -3*v**2 - 1036*v + 20915. What is w(20)?
-1005
Let m(x) = -461*x - 91776. Calculate m(-199).
-37
Let m(j) = -2*j**2 + 2169*j - 562650. Give m(655).
-5
Let r(x) = -x**3 + 42*x**2 + 162*x - 3242. Calculate r(44).
14
Let p(k) = 2*k**2 + 56*k + 329. Determine p(-38).
1089
Let s(i) = 3*i**2 + 363*i - 41851. Give s(-193).
-163
Let n(z) = -2782*z - 63724. Calculate n(-23).
262
Let n(x) = -2*x**3 + 340*x**2 - 1969*x + 2. Determine n(6).
-4
Let m(y) = 1688*y - 16949. What is m(11)?
1619
Let g(l) = l**3 - 26*l**2 + 118*l - 45. Give g(8).
-253
Let k(o) = -o**2 + 11*o + 638. Calculate k(31).
18
Let u(q) = -566*q - 19585. Determine u(-34).
-341
Let b(y) = -75*y**2 - 732*y + 1951. Calculate b(-12).
-65
Let h(l) = -1203*l - 89088. Give h(-74).
-66
Let u(n) = -5933*n + 2396930. Calculate u(404).
-2
Let m(c) = -548*c + 5298. Give m(10).
-182
Let a(y) = -24*y**2 + 2564*y - 4618. Determine a(105).
2
Let w(m) = -2*m**3 - 51*m**2 - 535*m - 14654. What is w(-26)?
-68
Let w(l) = -2*l**3 + 282*l**2 - 4019*l + 611023. Determine w(142).
-3
Let p(h) = 38432*h - 3. Give p(0).
-3
Let r(u) = u**2 + 1952*u + 109833. Wh